/(-8)). What is the greatest common divisor of s and 15?
15
Let h(l) = -56*l - 460. Let n be h(-11). Calculate the greatest common divisor of n and 3068.
52
Let b = 466 + -368. Suppose a + 0*a + 144 = 3*s, 3*s + 4*a = 159. What is the greatest common divisor of b and s?
49
Let l = -23 - -44. Suppose -172*j + 23 + 23 = -3050. What is the greatest common divisor of j and l?
3
Suppose -5*f + 805 = 5*r, -2*r + 569 = 3*f + 89. Suppose f - 1022 = -18*u. Calculate the highest common divisor of u and 36.
12
Suppose 349 + 404 = 46*b - 29. Calculate the highest common divisor of 10 and b.
1
Let k(i) = -12*i + 57. Suppose 10 + 10 = -5*d. Let y be k(d). What is the greatest common divisor of y and 60?
15
Let b = 45 - 40. Suppose 3*f + 3*x = 39, -b*f = -4*f - x - 15. Let h be 28 - f - -2*1. What is the greatest common divisor of 40 and h?
8
Let l be 136/(-1) - 5 - (1 - -1). Let i = 86 + l. Let n be 24/60 - 28*i/10. What is the greatest common divisor of 10 and n?
10
Suppose -8*k + 16530 = 182*k. Calculate the greatest common factor of k and 10266.
87
Let c(k) = -9*k - 8. Let x(h) = 2*h. Let u(m) = -c(m) - 4*x(m). Let t be u(16). Let j = 4 - -2. Calculate the greatest common factor of j and t.
6
Let t = 462 + -422. Let o = 167 - 95. Calculate the highest common factor of o and t.
8
Suppose 0 = 3*c - 27, -3*c + 2927 = -p + 6*p. What is the greatest common divisor of p and 174?
58
Let y be 1/3*51 + -5. Suppose 155 - 653 = -3*z. Suppose -6*s + z = -50. Calculate the greatest common divisor of s and y.
12
Suppose -122*r - 7*r + 903 = 0. What is the greatest common factor of 1344 and r?
7
Suppose -3*h + 2 = -1051. Suppose -114*m + 111*m = -h. Calculate the greatest common divisor of 13 and m.
13
Let t = -39 - -59. Let m be (-2 - -4)*15341/(-58). Let n = m - -533. What is the highest common divisor of t and n?
4
Let p(a) = 3*a**2 - 8*a - 26. Let b be p(6). Let x = b - 28. Calculate the greatest common divisor of 15 and x.
3
Suppose -1706 + 6026 = 48*b. What is the highest common factor of 1800 and b?
90
Suppose 49543 = -10*m + 47*m. What is the greatest common factor of m and 91?
13
Let h = 118 + -120. Let p be (-255)/(-6)*(42/(-35) - h). What is the greatest common divisor of 17 and p?
17
Suppose -576*z - 257911 + 575553 = -701878. Calculate the highest common divisor of z and 16.
2
Let t be (48/(-18) + 0)*-45. Let c be ((-14)/35)/((-2)/t). What is the highest common factor of 192 and c?
24
Suppose 326*t + 4*q = 321*t + 373, 5*q = -5*t + 375. What is the greatest common factor of t and 26207?
73
Let o(i) = 15*i + 1 - 3*i - 15. Let g be o(5). Calculate the highest common divisor of g and 506.
46
Suppose 0 = -3*u + 97 + 23. Let p be 145 + 3/(-150)*5*-50. Calculate the highest common factor of u and p.
10
Let g be (-16)/(-20)*160/1. Let c = 5153 + -4929. Calculate the highest common factor of c and g.
32
Let d = 10195 - 9811. Calculate the highest common factor of d and 21.
3
Let z be (-18)/6 + 214 + -7. Let b = 237 - z. What is the highest common divisor of b and 88?
11
Suppose 3*x = 93 - 15. Suppose -3*k = -4*r + 174 - 764, 0 = -k + 4*r + 194. Suppose w + k = 250. Calculate the greatest common factor of w and x.
26
Suppose -10*d + 1324 = -2326. Suppose -3*s - 4*u + 222 = 0, 5*s - d = 2*u - 7*u. What is the highest common divisor of 7 and s?
7
Suppose 463*h - 457*h - 678 = 0. Suppose 4*b = n + 407 + h, b + 3*n = 117. Calculate the greatest common divisor of b and 6.
3
Let h(r) = -r**3 - 84*r**2 - 265*r + 810. Let d be h(-81). Calculate the greatest common factor of d and 384.
96
Let r be 2/8 - (-30)/8. Suppose -107 = r*v - 2*j - 21, -3*v - 5*j = 45. Let b = -4 - v. What is the highest common factor of b and 8?
8
Suppose 0 = 2*f - 33*f + 50959 + 72204. What is the highest common factor of 58 and f?
29
Let r(l) = 3*l**2 - 34*l + 143. Let n be r(8). Calculate the highest common divisor of n and 297.
9
Let n = -173 - -180. Let h be 4/14 + 355/n. Let m = 31 + -14. What is the greatest common divisor of h and m?
17
Suppose -28*j - 72 = -64*j. Suppose 4*i - 52 = -2*p, 0*p = -j*p + 2*i + 64. What is the highest common divisor of p and 72?
6
Let v = -5323 + 5532. Calculate the greatest common factor of v and 152.
19
Suppose 41*c = -49*c + 122580. Calculate the highest common factor of c and 18.
6
Suppose -4445 = -16*f - 10*f + 55225. What is the highest common factor of 81 and f?
27
Suppose -4*k + w + 503 = 0, -381*k - w = -377*k - 497. What is the highest common factor of k and 700?
25
Let o(g) = -2*g**2 + 17*g - 2. Let b = -55 + 80. Suppose -2*n - 2 = -j, 3*n - b = -0*j - 2*j. Let t be o(j). What is the highest common divisor of 66 and t?
6
Let m = 9 + 17. Let c = 56 - m. What is the highest common divisor of 75 and c?
15
Suppose 7*l = -2*l - 720. Let r = 97 + l. Let g(f) = 4*f**2 - 9*f + 3. Let p be g(7). What is the greatest common divisor of p and r?
17
Suppose 0 = -5*q - 5*r + 260, -5*r + 16 + 56 = q. What is the greatest common divisor of q and 2867?
47
Suppose 5*x - 542 = -2*n, 4*x + n = 169 + 267. Let i = 510 - 246. Let j be 5 + 268/(-52) + i/26. What is the greatest common factor of x and j?
10
Suppose -4*o + 116 = 4*p, -4*p - 95 = -3*o + 34. What is the highest common divisor of o and 280?
35
Let p(w) = -356*w - 1988. Let i be p(-9). What is the greatest common divisor of 3800 and i?
152
Suppose -157*h - 48312 = -193*h. Calculate the highest common factor of h and 976.
122
Suppose 44*a - 5647 - 2489 = 9112. What is the highest common factor of 364 and a?
28
Let r be (9 - 8)*(6 - -35). Calculate the highest common factor of r and 6929.
41
Let y(j) = -2*j - 1. Let f(a) = 9*a + 3. Let t(x) = 6*f(x) + 30*y(x). Let r be t(-3). What is the highest common factor of r and 2?
2
Let v(q) = 22*q + 86. Let n be v(-3). Let s be -40*(6 - (-91)/(-14)). What is the greatest common divisor of s and n?
20
Suppose -5*v - 5*h + 2335 = 0, v + 4*h - 2341 = -4*v. Calculate the greatest common divisor of 198 and v.
11
Suppose 15 = -5*k, -3*d + 24*k + 306 = 21*k. What is the highest common divisor of 1023 and d?
33
Let v be 298 + -5 + -7 + -6. Let d(z) = -z**3 - 7*z**2 - 7*z - 8. Let i be d(-8). What is the greatest common divisor of v and i?
56
Let s be 3*(-2*30)/(-3). Let o(w) = 7*w + 12. Let j be o(13). Let p = j + -23. What is the greatest common divisor of p and s?
20
Let i(q) = 883*q + 472. Let m be i(4). What is the greatest common divisor of m and 11?
11
Let w(f) = 65*f - 460. Let z be w(8). What is the greatest common divisor of 6810 and z?
30
Suppose 0 = 12*u - 948 - 1152. Suppose 3*l - 44 = l. Let q = 3 + l. Calculate the highest common divisor of u and q.
25
Let v(o) = -20*o + 46*o - 18*o + 110. Let t be v(-12). What is the highest common divisor of 154 and t?
14
Suppose 2*v + 146 = -81*a + 86*a, a = -3*v + 19. Calculate the highest common factor of 3346 and a.
14
Suppose o + 2019 = 5*v, -9*v - 5*o = -12*v + 1229. Suppose 17*a - 3531 = -v. What is the greatest common divisor of 46 and a?
46
Let v(j) = j**3 - 8*j**2 + 8*j - 15. Let c be v(10). Let b = -41 + c. Calculate the highest common factor of 14 and b.
14
Suppose 0 = -5*p - 11*p - 816. Let n(b) = 4*b**2 + 203*b - 41. Let j be n(p). What is the greatest common factor of 730 and j?
10
Suppose -2*i = -t - 1794, 3*i - 83*t + 78*t - 2691 = 0. Calculate the greatest common divisor of 13 and i.
13
Let u(a) = 3*a + 9. Let n(m) = -m - 4. Let t(q) = -5*n(q) - 2*u(q). Let y be t(-9). What is the greatest common divisor of y and 88?
11
Let j be 7 + 98/34 + 8/68. Let s be (-2)/13 + j/65 - -570. Calculate the highest common divisor of s and 57.
57
Suppose -51*t + 38*t + 20800 = 0. What is the greatest common divisor of 128 and t?
64
Let x = 9625 - 2447. What is the highest common factor of 148 and x?
74
Suppose 3*a = 2*q - 7, -4*q = -2*a + 5 + 1. Let y be q/6*2*-3. Let c be 12/66 - (-436)/22. Calculate the greatest common factor of y and c.
4
Let f = -474 - -619. Let l(x) = -6*x + 28. Let k be l(-5). What is the greatest common divisor of f and k?
29
Suppose t + 4*k = -0*k + 22444, 44943 = 2*t - 3*k. Suppose -18*n - t = -44*n. What is the greatest common factor of n and 54?
54
Let k be ((-6)/(-9))/((-2)/(-150)). Suppose -4*o - 44 = 76. Let b = -20 - o. Calculate the greatest common factor of k and b.
10
Let i = 360 + -356. Let m